*p + 4*q = -24. Suppose 11*k + p - 228 = 0. What is the remainder when k is divided by 15?
5
Let z(a) = 3*a**2 + 8*a - 17. Let r be -15*(-2)/(-12)*2. Suppose -4*m - 3*n + 219 = 0, 82 = 2*m + n - 5*n. What is the remainder when m is divided by z(r)?
15
Let u(c) = -367*c**3 + 16*c - 367*c**3 - 22 + 735*c**3 - 15*c**2. What is the remainder when u(14) is divided by 3?
0
Suppose -930*y = -866*y - 14016. Calculate the remainder when y is divided by 21.
9
Suppose 7*i - 6*i - 15 = 0. Suppose -v = 4*v - i. Suppose v*c - 3 = 0, 8*x - 5*x - 139 = -4*c. What is the remainder when 132 is divided by x?
42
Suppose 0*a + 146 = 2*a. Suppose 5*s = 8*s + w - 17, -4*s = -w - 11. Calculate the remainder when a is divided by (-2926)/(-152) + (-1)/s.
16
Let p be ((-7)/14)/(2/(-228)). Let j(g) = 28*g**3 + 2*g**2 - 3*g + 2. Let f be j(2). Suppose -5*y = -f - p. Calculate the remainder when y is divided by 15.
12
Let r(q) = 48*q**2 + 16*q - 6. What is the remainder when 298 is divided by r(1)?
8
Suppose -820 = -7*l - 16*r, -136*l - 4*r + 44 = -136*l. What is the remainder when 1 + 362/(4/2) is divided by l?
90
Let i be (1 - 34/(-2)) + 3. Let o = 70 + i. Let q = 166 - o. Calculate the remainder when q is divided by 26.
23
Let b(n) = -21*n + 37 + 38*n - 15*n. Let m be (-62)/4 + ((-75)/10 - -9). What is the remainder when 44 is divided by b(m)?
8
Let s be (1 - -2)*175/105. Let c(b) = -18*b + 102. Calculate the remainder when 66 is divided by c(s).
6
Suppose -5*d - 2*w + 2611 = 0, -d + w + 421 = -97. Calculate the remainder when d is divided by 30.
11
Suppose -2*l = -21*l - 2470. Let r = l - -157. What is the remainder when 98 is divided by r?
17
Let p = -18959 - -22151. Calculate the remainder when p is divided by 42.
0
Suppose -4*d - 330*s + 326*s = -108, 2*s = -4*d + 104. Calculate the remainder when 5121 is divided by d.
21
Let p = 2847 + -2739. Let o = 47 + -36. Calculate the remainder when p is divided by o.
9
Let t = -49 - -96. Let g(k) = -3*k**3 + 2*k**2 + 6. Let n be g(-4). Suppose n = 10*w + 70. What is the remainder when t is divided by w?
15
Let a = 354 - 346. Let w = a - -37. What is the remainder when 92 is divided by w?
2
Let k be (-31 + 30)*(33*11 - 2). Let i = -351 - k. What is the remainder when 11 is divided by i?
1
Let s = 206 - 484. Let c = -248 - s. What is the remainder when 123 is divided by c?
3
Suppose 2*g = 41*u - 46*u + 35, 5*u - 25 = 0. Suppose -m + 19 = -5*y + 105, 5*m + g = 0. Calculate the remainder when 83 is divided by y.
15
What is the remainder when 1113 is divided by (-1 - 115/5)*-1?
9
Let z be -15*1/6*2 - -3. What is the remainder when (-95 - -458)*z/(-6) is divided by 62?
59
Suppose 30*w - 34*w = 4*o - 572, 0 = -5*w + 3*o + 715. Calculate the remainder when 7435 is divided by w.
142
Let g(j) = -j**3 - j**2 + j + 77. Let b be (-63*6/(-9))/((-6)/4). Let y = b - -28. Calculate the remainder when g(y) is divided by 20.
17
Suppose -21 = -3*k - 3*g, g - 7 = -4*k + 9. Suppose 24*v - 736 + 40 = 0. What is the remainder when v is divided by k?
2
Suppose -2796 = -4*s - 4*a, 0 = -2*s - 133*a + 138*a + 1391. What is the remainder when s is divided by 98?
12
Suppose 6*g - 376 = 2*g - 3*f, -5*f = -2*g + 188. Calculate the remainder when g is divided by (-47 + 27)*(-6 + 42/8).
4
Suppose -30*d - 1673 = -2963. Suppose -4*w + 5*u + 308 = 0, -4*u + 154 = -0*w + 2*w. What is the remainder when w is divided by d?
34
Let n(c) = -c**2 + 13*c + 26. Let z be n(11). Calculate the remainder when 8/z - (-95)/6 is divided by 32/(-16 - -8) + 9*1.
1
Let x = 156 + 92. Suppose -23*s - 260 + 1709 = 0. Calculate the remainder when x is divided by s.
59
Suppose -4*c - 178 = -5*i - 39, -15 = -i + 4*c. Let m = -614 + 503. Let g = 127 + m. Calculate the remainder when i is divided by g.
15
Suppose -174*c = -4*f - 170*c + 3236, -1615 = -2*f - c. Calculate the remainder when f is divided by 30.
28
Let x = -31657 - -32222. What is the remainder when x is divided by 182?
19
Let r(f) be the first derivative of -25*f**2/2 - 101*f + 2. What is the remainder when r(-5) is divided by 5?
4
Let n(j) = -1039*j - 2145. Calculate the remainder when 1962 is divided by n(-3).
18
Suppose 3*y + s - 15 = -2*s, 5*y - 5*s - 5 = 0. Let b(u) = 3*u**3 + 3*u**2 - 9. Calculate the remainder when b(y) is divided by 26.
21
Suppose 34*x + 16 = 38*x. Suppose 3*y + 4*o - 778 + 40 = 0, -x*y + 5*o = -953. What is the remainder when y is divided by 21?
11
Let f(o) = o**3 - 56*o**2 + 54*o + 175. What is the remainder when 296 is divided by f(55)?
56
Suppose -4*r + 199 + 237 = 0. Let z(a) = 94*a + 99. Let b be z(2). Let n = -259 + b. What is the remainder when r is divided by n?
25
Suppose 5*c = 79 - 9. Suppose c + 24 = 2*m. Suppose 0*k - 4 = -2*o - 4*k, 56 = 3*o - 4*k. Calculate the remainder when m is divided by o.
7
Let k(h) = h**3 + 23*h**2 - 24*h - 17. Let v be k(-24). Let n be (-2)/(-2)*(v - 87). Let a = -38 - n. Calculate the remainder when a is divided by 34.
32
Let f(j) = 2*j**3 - 29*j**2 + 12*j + 33. Let k be f(14). Calculate the remainder when 3/k*(48 - -2) is divided by 16.
14
Let p(b) = 19*b**2 - 141*b - 671. Calculate the remainder when p(-5) is divided by 86.
79
Let g = -20324 + 20338. Calculate the remainder when 156 is divided by g.
2
Let m(t) = t**2 - 160*t + 7. Calculate the remainder when m(-8) is divided by 301.
147
Suppose -4 = 2*g - z + 45, g = -2*z - 32. Suppose x - 14 = 5*l + 18, -l + 107 = 4*x. What is the remainder when g/(-4)*1*12 + 2 is divided by x?
26
Let n = -5018 - -5073. Calculate the remainder when 195 is divided by n.
30
Let b = 130 - 194. Let i = 68 + b. What is the remainder when 46 is divided by i?
2
Suppose 78 = 3*f - 3*m, -6*m + 26 = f - 3*m. Suppose 144 = 4*q + 4*o, f*o = 4*q + 22*o - 160. Calculate the remainder when 62 is divided by q.
24
Let g(u) = u**3 + 8*u**2 + u + 39. What is the remainder when 430 is divided by g(-7)?
25
Let t = -81 - -55. Let a = 39 + t. Let v = a - -25. What is the remainder when v is divided by 14?
10
Let t(u) = -14*u**2 + 2*u - 1. Let w(i) = 70*i**2 - 11*i + 6. Let s(z) = -11*t(z) - 2*w(z). What is the remainder when (1 + -21)*(-99)/66 is divided by s(-1)?
4
Let o(w) = w**3 + 35*w**2 + 214*w - 11. What is the remainder when 101 is divided by o(-8)?
1
Let g = 6919 - 6859. What is the remainder when 1791 is divided by g?
51
Let c(f) = 2*f**2 - 83*f - 604. What is the remainder when c(-15) is divided by 53?
31
Suppose 6*y = -13247 + 19823. Calculate the remainder when y is divided by 218.
6
Suppose -5*s + 465 = -3*d + 1399, 4*s = -4*d + 1288. Calculate the remainder when d is divided by (-161)/(-4) - (-3 + 13/4).
38
Let d be (3 - 48/(-26)) + (-2)/(-13). Calculate the remainder when 163 is divided by 12/((-1)/(d/(-10))).
1
Let m(z) = -z**2 + 31*z + 72. Let t be m(34). Let c = 155 + t. What is the remainder when c is divided by 21?
20
Let n = 22961 + -22897. What is the remainder when 703 is divided by n?
63
Let r(w) = -21*w + 2. Suppose 10*s - 667 = -117. What is the remainder when s is divided by r(-2)?
11
Suppose 3*i = -2*a + 815 + 354, -2*a + 1172 = 2*i. Calculate the remainder when a is divided by 10.
9
Calculate the remainder when (-207)/27 - -8 - (-122)/3 is divided by 18.
5
Let l(c) = 7*c**2 + c. Suppose 2126*t - 24 = 2130*t, 474 = 4*z - t. What is the remainder when z is divided by l(-2)?
13
Let r(y) = 6*y**3 + 12*y**2 - 24*y - 255. Calculate the remainder when r(14) is divided by 14.
11
What is the remainder when 25500054/1587 + (-2)/23 is divided by 11?
8
Suppose 0 = -3*h + 6*b + 303, -136 = -230*h + 229*h - 3*b. What is the remainder when 673 is divided by h?
98
Let t be ((-15)/(-30))/((-4)/400). Calculate the remainder when 247 is divided by 422/5 - (130/t - -3).
79
Let h = -3485 - -3908. What is the remainder when h is divided by 3?
0
Let s(u) = -6*u + 2. What is the remainder when (-552)/(-10) + (88/40)/(-11) is divided by s(-2)?
13
Let r(u) = 17 - 8*u + 24 - 2 - 46*u - 191. Calculate the remainder when r(-16) is divided by 65.
62
Let f(n) = n**3 + 5*n**2 - 5*n + 1. Suppose -176*p - 4*x - 388 = -180*p, 2*p - 201 = -5*x. What is the remainder when p is divided by f(-5)?
20
Let n(s) be the second derivative of 2*s**3/3 - 95*s**2/2 - 83*s. Let t = 189 - 30. Calculate the remainder when t is divided by n(34).
36
Let x = -2 - -